 -g**2 - 3*g - 8. What is j(-6)?
-26
Let g(z) = 2*z**2 + 125*z - 58. What is g(-63)?
5
Let r(s) = 3*s**2 + s - 2. What is r(-3)?
22
Let p(n) = -2*n**2 + 3*n - 1. Give p(2).
-3
Let o(c) = -c**2 - 17*c - 46. What is o(-14)?
-4
Let h(x) = -x**3 - 8*x**2 - x - 5. Calculate h(-8).
3
Let r(k) = -k**3 + 6*k**2 - 7*k + 6. What is r(5)?
-4
Let b(a) = a**3 - a**2 - a + 1. Determine b(0).
1
Let r(q) = -q**2 + 8*q + 29. Calculate r(-5).
-36
Let s(d) = d**2 - 53*d - 65. Determine s(54).
-11
Let u(t) = -t**3 + 3*t**2 - 8*t + 22. Determine u(3).
-2
Let f(y) = y**3 + 7*y**2 - 20*y - 13. Give f(-9).
5
Let g(a) = -a**3 - 5*a**2 - 2*a + 1. What is g(-5)?
11
Let d(i) = 4*i + 12. Give d(-4).
-4
Let o(i) = 11*i**3 - 1. Determine o(1).
10
Let k(p) = p**3 - 12*p**2 + 41*p - 20. Give k(5).
10
Let m(t) = t - 10. Calculate m(12).
2
Let h(a) = -3*a + 20. What is h(6)?
2
Let c(n) = n + 3. Calculate c(-6).
-3
Let g(b) = -b**2 - 12*b + 56. Give g(-16).
-8
Let m(t) = t**2 + 6*t - 11. Calculate m(6).
61
Let h(n) = -n**3 + 2*n**2 + 5*n - 6. Give h(3).
0
Let f(w) = -w**2 - 24*w - 17. Calculate f(-24).
-17
Let p(b) = b**2 + 21*b - 59. What is p(-23)?
-13
Let v(f) = f**3 - 28*f**2 - 29*f - 28. Determine v(29).
-28
Let z(k) = -k**3 - 7*k**2 - 5. Give z(-6).
-41
Let x(a) = a**3 - 6*a**2 + a - 4. Give x(6).
2
Let i(t) = -t**3 + 3*t**2 + 6. Determine i(6).
-102
Let q(t) = -t**2 + 11*t - 13. What is q(8)?
11
Let t(r) = r**2 - 5. Give t(0).
-5
Let p(b) = -2*b**3 + 20*b**2 - 16*b - 12. What is p(9)?
6
Let i(o) = -o**3 - o**2 + 3*o - 9. Give i(4).
-77
Let x(d) = -d**3 + 6*d**2 - 5*d - 4. What is x(4)?
8
Let p(b) = b**3 - 7*b**2 + 8*b - 5. Determine p(6).
7
Let s(x) = -x**2 - 10*x + 3. Determine s(-10).
3
Let v(r) = -r**3 + 5*r**2 + r + 3. Determine v(6).
-27
Let i(g) = -g**3 - 13*g**2 - 15*g - 13. Calculate i(-12).
23
Let l(s) = -s**2 - 74*s - 6. Give l(0).
-6
Let b(l) = -7*l + 89. Determine b(16).
-23
Let t(o) = -8*o - 125. Determine t(-15).
-5
Let x(s) = -2*s**3 + 14*s**2 - 22*s + 6. Determine x(5).
-4
Let j(f) = -f**2 + 24*f + 55. What is j(26)?
3
Let c(m) = -m**3 - 12*m**2 - 21*m - 14. Determine c(-8).
-102
Let g(d) = -2*d + 5. Calculate g(-7).
19
Let v(r) = r**3 + 2*r**2 - 3*r - 3. Give v(-2).
3
Let f(h) = -8*h + 4. What is f(6)?
-44
Let f(q) = -5*q + 5. Determine f(6).
-25
Let g(i) = i**2 - 17*i - 15. Determine g(16).
-31
Let c(f) = -f**2 + 7*f + 3. Calculate c(9).
-15
Let d(z) = 4*z - 1. Determine d(6).
23
Let o(i) = i**2. Calculate o(0).
0
Let r(t) = 2*t**2 + 3*t - 18. Calculate r(-4).
2
Let k(m) = -m**2 + 11*m - 1. Calculate k(11).
-1
Let i(t) = 3*t + 12. Calculate i(-7).
-9
Let o(t) = t**3 - 6*t**2 + 2*t + 12. Calculate o(5).
-3
Let n(u) = u**2 + 12*u + 14. Calculate n(-11).
3
Let x(d) = 2*d**3 + 7*d**2 - 5*d + 1. Determine x(-4).
5
Let q(a) = a - 14. Calculate q(12).
-2
Let m(r) = r**2 + 11*r + 37. Give m(-8).
13
Let b(q) = -q**3 - 9*q**2 - 9*q - 16. Calculate b(-8).
-8
Let z(d) = 3*d**2 - 71*d + 107. Give z(22).
-3
Let j(m) = -3*m - 9. Determine j(-10).
21
Let q(v) = -v**3 - 11*v**2 + 16*v + 17. Calculate q(-12).
-31
Let g(j) = -j**2 - 16*j - 7. What is g(-16)?
-7
Let i(u) = -2*u - 4. Give i(3).
-10
Let w(p) = -12*p + 194. Calculate w(14).
26
Let x(k) = 2*k - 51. Calculate x(20).
-11
Let g(b) = -b**3 - 10*b**2 + 11*b - 9. Determine g(-11).
-9
Let x(i) = 9*i**2 + i - 1. Determine x(-1).
7
Let d(v) = -3*v**3 + 8*v**2 - 11*v - 8. Give d(4).
-116
Let w(t) = t**3 + 10*t**2 + 6*t + 10. Determine w(-10).
-50
Let z(g) = 29*g**2 + 15*g + 15. Give z(-1).
29
Let l(w) = -16*w**3 - 2*w + 1. Calculate l(1).
-17
Let r(c) = 2*c**3 + 9*c**2 - 314*c + 8. Calculate r(-15).
-7
Let q(b) = b**3 - 19*b**2 - 21*b + 30. Give q(20).
10
Let y(o) = 3*o**2 + 7*o + 8. Give y(-2).
6
Let t(q) = 2*q**3 - 2*q**2 + q - 5. Determine t(2).
5
Let v(a) = -2*a**2 + 16*a - 51. Determine v(10).
-91
Let i(p) = -p**3 - 8*p**2 - 18*p + 1. What is i(-5)?
16
Let u(o) = 2*o - 28. Calculate u(13).
-2
Let w(r) = -5*r**3 - 2*r**2 + 2*r + 3. Give w(-1).
4
Let m(d) = 2*d**2 + 30*d + 5. Calculate m(-16).
37
Let i(a) = a**3 - 7*a**2 + 2*a - 7. Give i(7).
7
Let w(x) = -3*x**3 - 7*x**2 - 7*x - 5. Calculate w(-2).
5
Let t(l) = 2*l**3 + 37*l**2 - 22*l + 6. Calculate t(-19).
63
Let z(m) = m**3 + 22*m**2 + m + 32. Determine z(-22).
10
Let b(p) = p**3 - 5*p**2 + p - 40. Give b(6).
2
Let u(n) = -n**2 + 17*n + 6. Determine u(16).
22
Let t(x) = x**2 - x - 1. Give t(0).
-1
Let y(l) = -l**3 - 4*l**2 - 14*l - 57. Calculate y(-4).
-1
Let w(v) = -v**3 - 5*v**2 - 3*v - 3. Determine w(-4).
-7
Let n(o) = -2*o**3 + 5*o - 2. What is n(2)?
-8
Let q(l) = l**3 + 15*l**2 - 54*l - 6. What is q(3)?
-6
Let h(x) = -x**2 - 6*x + 13. Calculate h(-7).
6
Let l(i) = -3*i - 29. What is l(20)?
-89
Let q(j) = -j**3 - 8*j**2 - 8*j - 9. What is q(-7)?
-2
Let r(d) = -2*d + 1. Calculate r(-2).
5
Let j(h) = -h - 9. What is j(7)?
-16
Let q(k) = -k**2 + 25*k + 51. Calculate q(-3).
-33
Let f(r) = r**3 + 24*r**2 + 19*r - 98. Calculate f(-23).
-6
Let o(f) = -5*f + 159. Determine o(22).
49
Let f(l) = -3*l - 23. Calculate f(-7).
-2
Let b(l) = -2*l**2 + 10*l + 4. Determine b(5).
4
Let m(k) = k**3 - 4*k**2 - 2*k - 3. Calculate m(5).
12
Let b(g) = g**2 + 7*g + 16. Calculate b(-6).
10
Let g(o) = -2*o**2 + o - 5. What is g(5)?
-50
Let o(d) = 3*d + 2. Calculate o(-1).
-1
Let a(h) = -4*h - 33. Calculate a(-11).
11
Let h(x) = -12*x - 10. Give h(-7).
74
Let c(w) = w - 4. What is c(10)?
6
Let x(j) = j**2 + 6*j + 6. Give x(-5).
1
Let z(i) = i**3 - 8*i**2 - 9*i - 10. What is z(9)?
-10
Let g(d) = -d**3 + 7*d**2 - 9*d - 3. Give g(3).
6
Let v(l) = 3*l - 31. What is v(18)?
23
Let g(t) = -t**3 + 8*t**2. Calculate g(8).
0
Let l(o) = o**3 + 14*o**2 + 3*o + 15. Determine l(-14).
-27
Let a(h) = -h**3 - 21*h**2 - 93*h - 19. Determine a(-6).
-1
Let n(m) = -m**2 - 14*m + 21. Determine n(-15).
6
Let c(o) = 60*o - 464. What is c(8)?
16
Let p(x) = 6*x. Determine p(1).
6
Let p(h) = 18*h - 39. What is p(3)?
15
Let g(d) = -6*d + 59. Give g(9).
5
Let f(r) = -6*r**2 - 28*r + 18. Give f(-5).
8
Let p(l) = -3*l**2 - 11*l + 7. What is p(-5)?
-13
Let q(b) = -b**3 - 8*b**2 + 14*b + 13. Calculate q(-9).
-32
Let f(a) = a**2 - 20*a + 7. Give f(19).
-12
Let b(s) = -s**3 - 25*s**2 - 27*s - 76. Give b(-24).
-4
Let z(h) = -2*h**3 + 4*h**2 + 5*h + 3. Determine z(-2).
25
Let p(z) = -z**2 - 2*z - 2. Calculate p(-3).
-5
Let i(h) = 3*h**3 + h**2 - 6*h - 1. What is i(2)?
15
Let h(r) = 13*r**2 + 34*r - 35. Calculate h(1).
12
Let z(g) = g**2 - 2*g - 4. What is z(-3)?
11
Let g(z) = -5*z - 7. What is g(5)?
-32
Let v(w) = -w**3 - w + 10. Determine v(0).
10
Let s(r) = 7*r + 30. Give s(-11).
-47
Let b(c) = 29*c + 143. Calculate b(-5).
-2
Let n(p) = -17*p + 3. Calculate n(2).
-31
Let d(h) = -h**3 - 2*h**2 - 4*h + 5. Determine d(-5).
100
Let o(f) = f**3 - 4*f**2 - 10*f - 2. Calculate o(6).
10
Let t(d) = d**2 - 4*d + 5. Calculate t(4).
5
Let l(h) = -2*h**2 + 85*h - 129. What is l(41)?
-6
Let i(g) = -g**3 + g**2 + 3. Calculate i(3).
-15
Let q(d) = -d - 5. What is q(8)?
-13
Let s(o) = 7*o + 96. Calculate s(-16).
-16
Let w(k) = 4*k - 23. Calculate w(3).
-11
Let o(d) = d + 2. Give o(-3).
-1
Let v(l) = -l**2 + 10*l - 12. Determine v(7).
9
Let s(g) = 2*g**2 - 17*g + 3. Determine s(9).
12
Let g(c) = 4*c - 37. Determine g(7).
-9
Let y(d) = -d**2 - 12*d - 64. Calculate y(-7).
-29
Let d(q) = q**3 - 6*q**2 - 5. Calculate d(6).
-5
Let p(c) = 18*c + 134. Determine p(-8).
-10
Let r(x) = -11*x + 67. Determine r(6).
1
Let y(l) = -5*l + 75. What is y(19)?
-20
Let c(z) = 5*z + 12. Determine c(-4).
-8
Let a(t) = t**3 - 6*t**2 + 6*t - 2. Determine a(3).
-11
Let b(j) = 6*j + 182. Determine b(-29).
8
Let v(i) = i**2 + 2*i + 5. What is v(-3)?
8
Let f(t) = -t**2 - 21*t + 225. What is f(-29)?
-7
Let r(h) = 19*h + 1000. Calculate r(-52).
12
Let z(i) = -i**3 + 14*i**2 + 16*i - 14. Determine z(15).
1
Let l(a) = -268*a + 262. Give l(1).
-6
Let g(i) = 3*i + 10. Calculate g(6).
28
Let s(a) = -a**2 + a - 29. Give s(0).
-29
Let m(o) = -o**2 + 8*o + 18. Give m(9).
9
Let m(w) = w**3 + 10*w**2 - 8*w + 27. Determine m(-11).
-6
Let b(c) = c**3 + 6*c**2 + 2*c - 21. Give b(-5).
-6
Let v(r) = r - 6. Calculate v(7).
1
Let r(l) = 2*l**2 + 8*l + 4. Calculate r(-4).
4
Let b(g) = g**3 - 14*g**2 - 2*g + 34. Give b(14).
6
Let v(z) = z**3 - 20*z**2 - 21*z + 53. Give v(21).
53
Let